{"id":515,"date":"2016-07-07T10:15:11","date_gmt":"2016-07-07T08:15:11","guid":{"rendered":"http:\/\/defensor.umh.es\/?page_id=515"},"modified":"2020-10-19T08:56:43","modified_gmt":"2020-10-19T06:56:43","slug":"como-actua","status":"publish","type":"page","link":"https:\/\/defensor.umh.es\/ca\/el-defensor-universitario\/como-actua\/","title":{"rendered":"Com actua?"},"content":{"rendered":"<p><\/p>\n<p style=\"text-align: justify\"><strong><u>Com actua?<\/u><\/strong><\/p>\n<p style=\"text-align: justify\">Tota persona de la Comunitat Universit\u00e0ria que considere lesionats els seus drets per les decisions preses per qualsevol \u00f2rgan (unipersonal o col\u00b7legiat) de la Universitat Miguel Hern\u00e1ndez, es pot adre\u00e7ar al Defensor Universitari per a sol\u00b7licitar-li que actue.<\/p>\n<p style=\"text-align: justify\">El Defensor Universitari ha de procurar sempre la millora de la qualitat universit\u00e0ria en tots els \u00e0mbits i actuar amb la major celeritat que cada cas permeta i pot actuar d&#8217;ofici o a inst\u00e0ncia de part.<\/p>\n<p>Tots els \u00f2rgans i membres de la Comunitat Universit\u00e0ria estan obligats a auxiliar al Defensor Universitari en l&#8217;exercici de les seues funcions, aix\u00ed, el defensor pot:<\/p>\n<ul>\n<li style=\"text-align: justify\">Obtenir dels \u00f2rgans de govern i representaci\u00f3 i del personal al servei de la Universitat quanta informaci\u00f3 considere oportuna i necess\u00e0ria per al compliment de les seues finalitats. I no podr\u00e0 negar-se-li l&#8217;acc\u00e9s a cap documentaci\u00f3 relacionada amb l\u2019objecte de recerca, sense perjudici del que dispose la legislaci\u00f3 vigent respecte dels documents secrets o reservats.<\/li>\n<li style=\"text-align: justify\">Obtenir la compareixen\u00e7a dels \u00f2rgans de govern unipersonals, si s\u2019escau, per al compliment de les seues funcions.<\/li>\n<li style=\"text-align: justify\">Assistir a les sessions dels \u00f2rgans col\u00b7legiats de la Universitat quan tracten alguna mat\u00e8ria relacionada amb les actuacions que tinga en curs en aquest moment o amb alguna de les seues propostes anteriors.<\/li>\n<li style=\"text-align: justify\">Obtenir i evacuar informes en relaci\u00f3 amb els \u00f2rgans col\u00b7legiats.<\/li>\n<\/ul>\n<p><\/p>","protected":false},"excerpt":{"rendered":"<p>Com actua?<br \/>\nTota persona de la Comunitat Universit\u00e0ria que considere lesionats els seus drets per les decisions preses per qualsevol \u00f2rgan (unipersonal o col\u00b7legiat) de la Universitat Miguel Hern\u00e1ndez, es pot adre\u00e7ar al Defensor Universitari per a sol\u00b7licitar-li que actue.<br \/>\nEl Defensor Universitari ha de procurar sempre la millora de la qualitat universit\u00e0ria en tots els \u00e0mbits [&#8230;]<\/p>\n","protected":false},"author":168,"featured_media":0,"parent":507,"menu_order":60,"comment_status":"closed","ping_status":"open","template":"","meta":{"ngg_post_thumbnail":0,"_links_to":"","_links_to_target":""},"_links":{"self":[{"href":"https:\/\/defensor.umh.es\/ca\/wp-json\/wp\/v2\/pages\/515"}],"collection":[{"href":"https:\/\/defensor.umh.es\/ca\/wp-json\/wp\/v2\/pages"}],"about":[{"href":"https:\/\/defensor.umh.es\/ca\/wp-json\/wp\/v2\/types\/page"}],"author":[{"embeddable":true,"href":"https:\/\/defensor.umh.es\/ca\/wp-json\/wp\/v2\/users\/168"}],"replies":[{"embeddable":true,"href":"https:\/\/defensor.umh.es\/ca\/wp-json\/wp\/v2\/comments?post=515"}],"version-history":[{"count":0,"href":"https:\/\/defensor.umh.es\/ca\/wp-json\/wp\/v2\/pages\/515\/revisions"}],"up":[{"embeddable":true,"href":"https:\/\/defensor.umh.es\/ca\/wp-json\/wp\/v2\/pages\/507"}],"wp:attachment":[{"href":"https:\/\/defensor.umh.es\/ca\/wp-json\/wp\/v2\/media?parent=515"}],"curies":[{"name":"wp","href":"https:\/\/api.w.org\/{rel}","templated":true}]}}

<p></p>
<p style="text-align: justify"><strong><u>Com actua?</u></strong></p>
<p style="text-align: justify">Tota persona de la Comunitat Universitària que considere lesionats els seus drets per les decisions preses per qualsevol òrgan (unipersonal o col·legiat) de la Universitat Miguel Hernández, es pot adreçar al Defensor Universitari per a sol·licitar-li que actue.</p>
<p style="text-align: justify">El Defensor Universitari ha de procurar sempre la millora de la qualitat universitària en tots els àmbits i actuar amb la major celeritat que cada cas permeta i pot actuar d&#8217;ofici o a instància de part.</p>
<p>Tots els òrgans i membres de la Comunitat Universitària estan obligats a auxiliar al Defensor Universitari en l&#8217;exercici de les seues funcions, així, el defensor pot:</p>
<ul>
<li style="text-align: justify">Obtenir dels òrgans de govern i representació i del personal al servei de la Universitat quanta informació considere oportuna i necessària per al compliment de les seues finalitats. I no podrà negar-se-li l&#8217;accés a cap documentació relacionada amb l’objecte de recerca, sense perjudici del que dispose la legislació vigent respecte dels documents secrets o reservats.</li>
<li style="text-align: justify">Obtenir la compareixença dels òrgans de govern unipersonals, si s’escau, per al compliment de les seues funcions.</li>
<li style="text-align: justify">Assistir a les sessions dels òrgans col·legiats de la Universitat quan tracten alguna matèria relacionada amb les actuacions que tinga en curs en aquest moment o amb alguna de les seues propostes anteriors.</li>
<li style="text-align: justify">Obtenir i evacuar informes en relació amb els òrgans col·legiats.</li>
</ul>
<p></p>

<p>Com actua?<br />
Tota persona de la Comunitat Universitària que considere lesionats els seus drets per les decisions preses per qualsevol òrgan (unipersonal o col·legiat) de la Universitat Miguel Hernández, es pot adreçar al Defensor Universitari per a sol·licitar-li que actue.<br />
El Defensor Universitari ha de procurar sempre la millora de la qualitat universitària en tots els àmbits [&#8230;]</p>
