{"id":533,"date":"2016-07-14T11:19:15","date_gmt":"2016-07-14T09:19:15","guid":{"rendered":"http:\/\/defensor.umh.es\/?page_id=533"},"modified":"2020-10-15T08:36:54","modified_gmt":"2020-10-15T06:36:54","slug":"mediacion","status":"publish","type":"page","link":"https:\/\/defensor.umh.es\/ca\/funciones\/mediacion\/","title":{"rendered":"Mediaci\u00f3"},"content":{"rendered":"<p><\/p>\n<p style=\"text-align: justify\"><span style=\"color: #000000\">El Defensor Universitari podr\u00e0 celebrar, d&#8217;ofici o a inst\u00e0ncia de part, actes de mediaci\u00f3 i conciliaci\u00f3 conduents a la soluci\u00f3 pactada de conflictes.<\/span><\/p>\n<p style=\"text-align: justify\"><span style=\"color: #000000\">Per tant, actuem en mediacions o conciliacions sempre que se&#8217;ns requerisca per a a\u00e7\u00f2 per totes les parts implicades en un problema.<\/span><\/p>\n<p style=\"text-align: justify\"><span style=\"color: #000000\">Qualsevol membre de la comunitat universit\u00e0ria, a t\u00edtol individual o col\u00b7lectiu, podr\u00e0 adre\u00e7ar la sol\u00b7licitud de mediaci\u00f3 al Defensor Universitari, per escrit amb expressi\u00f3 de les dades personals, domicili a l&#8217;efecte de comunicacions tot concretant el motiu i la pretensi\u00f3 de la comunicaci\u00f3 amb el Defensor Universitari.<\/span><\/p>\n<p style=\"text-align: justify\"><span style=\"color: #000000\">Formular-les preferentment a trav\u00e9s del <a href=\"https:\/\/docs.google.com\/forms\/d\/e\/1FAIpQLSd9wlEUwIeZ0kqB3wAZMTjQJiYkw0NF71zNWjcCQ_ZypMPCmA\/viewform\" target=\"_blank\" rel=\"noopener noreferrer\">formulari<\/a> habilitat en la WEB del Defensor Universitari, en l&#8217;Oficina del Defensor Universitari personalment o enviant-les per carta certificada. Aix\u00ed mateix, poden presentar-se en el Registre General de la Universitat.<\/span><\/p>\n<blockquote>\n<p style=\"text-align: justify\"><em><span style=\"color: #000080\">La mediaci\u00f3 \u00e9s un mitj\u00e0 que tracta de solucionar controv\u00e8rsies en les quals dues o m\u00e9s parts intenten volunt\u00e0riament aconseguir un acord amb la intervenci\u00f3 del Defensor com a persona mediadora.<\/span><\/em><\/p>\n<\/blockquote>\n<p style=\"text-align: justify\"><span style=\"text-decoration: underline\"><strong><span style=\"color: #000000;text-decoration: underline\">Protocol de la mediaci\u00f3:<\/span><\/strong><\/span><\/p>\n<p style=\"text-align: justify\"><span style=\"color: #000000\">1.- Recepci\u00f3 d\u2019una petici\u00f3 de mediaci\u00f3 en la qual haur\u00e0 de constar amb claredat la pretensi\u00f3 que es planteja, aquesta es comunicar\u00e0 a tots els implicats de manera que quede const\u00e0ncia de la recepci\u00f3 i es demanar\u00e0, al mateix temps, contestaci\u00f3 escrita en la qual es manifeste expressament si s&#8217;accepta o no la mediaci\u00f3.<\/span><\/p>\n<p style=\"text-align: justify\"><span style=\"color: #000000\">2.- Si en el termini de quinze dies lectius des de la data de recepci\u00f3 dels escrits no es rep contestaci\u00f3 en l&#8217;oficina del Defensor Universitari s&#8217;entendr\u00e0 que la mediaci\u00f3 no ha sigut acceptada.<\/span><\/p>\n<p style=\"text-align: justify\"><span style=\"color: #000000\">3.- Una vegada acceptada la mediaci\u00f3, el Defensor Universitari comunicar\u00e0 per escrit als interessats l&#8217;obertura d&#8217;un termini no superior a 15 dies lectius perqu\u00e8 aquests puguen formular per escrit al\u00b7legacions i aportar els documents que consideren.<\/span><\/p>\n<p style=\"text-align: justify\"><span style=\"color: #000000\">4.- Finalitzat aquest termini, el Defensor Universitari convocar\u00e0 als interessats a una sessi\u00f3 conjunta en la seua oficina en la qual intentar\u00e0 la conciliaci\u00f3. En aquesta sessi\u00f3 s&#8217;estendr\u00e0 acta i es registraran les al\u00b7legacions, propostes d&#8217;acord, si existeix o no conciliaci\u00f3 i la seua f\u00f2rmula. L&#8217;acta haur\u00e0 de ser signada per totes les parts. En cas d&#8217;incompareixen\u00e7a injustificada per alguna de les parts donar\u00e0 com resultat un acta en la qual figurar\u00e0 \u201csense acord per incompareixen\u00e7a d&#8217;una de les parts\u201d.<\/span><\/p>\n<p style=\"text-align: justify\"><em><span style=\"color: #000000\">En cas de no arribar a un acord el Defensor Universitari podr\u00e0 elevar una recomanaci\u00f3, on informar\u00e0 a les parts implicades en el conflicte i als seus superiors jer\u00e0rquics.<\/span><\/em><\/p>\n<p style=\"text-align: justify\"><span style=\"color: #000000\">5.- Les conclusions i acords que resulten de la sessi\u00f3 de mediaci\u00f3 i conciliaci\u00f3 s&#8217;arreplegaran en un acta que hauran de signar tant el Defensor Universitari com els interessats, i tindr\u00e0 car\u00e0cter vinculant per a les persones interessades.<\/span><\/p>\n<p style=\"text-align: justify\"><span style=\"color: #000000\"> 6.- El Defensor far\u00e0 el seguiment que considere oport\u00fa sobre el compliment dels acords que s&#8217;han pactat.<\/span><\/p>\n<p><\/p>","protected":false},"excerpt":{"rendered":"<p>El Defensor Universitari podr\u00e0 celebrar, d&#8217;ofici o a inst\u00e0ncia de part, actes de mediaci\u00f3 i conciliaci\u00f3 conduents a la soluci\u00f3 pactada de conflictes.<br \/>\nPer tant, actuem en mediacions o conciliacions sempre que se&#8217;ns requerisca per a a\u00e7\u00f2 per totes les parts implicades en un problema.<br \/>\nQualsevol membre de la comunitat universit\u00e0ria, a t\u00edtol individual o col\u00b7lectiu, podr\u00e0 [&#8230;]<\/p>\n","protected":false},"author":168,"featured_media":0,"parent":530,"menu_order":30,"comment_status":"closed","ping_status":"open","template":"","meta":{"ngg_post_thumbnail":0,"_links_to":"","_links_to_target":""},"_links":{"self":[{"href":"https:\/\/defensor.umh.es\/ca\/wp-json\/wp\/v2\/pages\/533"}],"collection":[{"href":"https:\/\/defensor.umh.es\/ca\/wp-json\/wp\/v2\/pages"}],"about":[{"href":"https:\/\/defensor.umh.es\/ca\/wp-json\/wp\/v2\/types\/page"}],"author":[{"embeddable":true,"href":"https:\/\/defensor.umh.es\/ca\/wp-json\/wp\/v2\/users\/168"}],"replies":[{"embeddable":true,"href":"https:\/\/defensor.umh.es\/ca\/wp-json\/wp\/v2\/comments?post=533"}],"version-history":[{"count":0,"href":"https:\/\/defensor.umh.es\/ca\/wp-json\/wp\/v2\/pages\/533\/revisions"}],"up":[{"embeddable":true,"href":"https:\/\/defensor.umh.es\/ca\/wp-json\/wp\/v2\/pages\/530"}],"wp:attachment":[{"href":"https:\/\/defensor.umh.es\/ca\/wp-json\/wp\/v2\/media?parent=533"}],"curies":[{"name":"wp","href":"https:\/\/api.w.org\/{rel}","templated":true}]}}

Mediació

<p></p>
<p style="text-align: justify"><span style="color: #000000">El Defensor Universitari podrà celebrar, d&#8217;ofici o a instància de part, actes de mediació i conciliació conduents a la solució pactada de conflictes.</span></p>
<p style="text-align: justify"><span style="color: #000000">Per tant, actuem en mediacions o conciliacions sempre que se&#8217;ns requerisca per a açò per totes les parts implicades en un problema.</span></p>
<p style="text-align: justify"><span style="color: #000000">Qualsevol membre de la comunitat universitària, a títol individual o col·lectiu, podrà adreçar la sol·licitud de mediació al Defensor Universitari, per escrit amb expressió de les dades personals, domicili a l&#8217;efecte de comunicacions tot concretant el motiu i la pretensió de la comunicació amb el Defensor Universitari.</span></p>
<p style="text-align: justify"><span style="color: #000000">Formular-les preferentment a través del <a href="https://docs.google.com/forms/d/e/1FAIpQLSd9wlEUwIeZ0kqB3wAZMTjQJiYkw0NF71zNWjcCQ_ZypMPCmA/viewform" target="_blank" rel="noopener noreferrer">formulari</a> habilitat en la WEB del Defensor Universitari, en l&#8217;Oficina del Defensor Universitari personalment o enviant-les per carta certificada. Així mateix, poden presentar-se en el Registre General de la Universitat.</span></p>
<blockquote>
<p style="text-align: justify"><em><span style="color: #000080">La mediació és un mitjà que tracta de solucionar controvèrsies en les quals dues o més parts intenten voluntàriament aconseguir un acord amb la intervenció del Defensor com a persona mediadora.</span></em></p>
</blockquote>
<p style="text-align: justify"><span style="text-decoration: underline"><strong><span style="color: #000000;text-decoration: underline">Protocol de la mediació:</span></strong></span></p>
<p style="text-align: justify"><span style="color: #000000">1.- Recepció d’una petició de mediació en la qual haurà de constar amb claredat la pretensió que es planteja, aquesta es comunicarà a tots els implicats de manera que quede constància de la recepció i es demanarà, al mateix temps, contestació escrita en la qual es manifeste expressament si s&#8217;accepta o no la mediació.</span></p>
<p style="text-align: justify"><span style="color: #000000">2.- Si en el termini de quinze dies lectius des de la data de recepció dels escrits no es rep contestació en l&#8217;oficina del Defensor Universitari s&#8217;entendrà que la mediació no ha sigut acceptada.</span></p>
<p style="text-align: justify"><span style="color: #000000">3.- Una vegada acceptada la mediació, el Defensor Universitari comunicarà per escrit als interessats l&#8217;obertura d&#8217;un termini no superior a 15 dies lectius perquè aquests puguen formular per escrit al·legacions i aportar els documents que consideren.</span></p>
<p style="text-align: justify"><span style="color: #000000">4.- Finalitzat aquest termini, el Defensor Universitari convocarà als interessats a una sessió conjunta en la seua oficina en la qual intentarà la conciliació. En aquesta sessió s&#8217;estendrà acta i es registraran les al·legacions, propostes d&#8217;acord, si existeix o no conciliació i la seua fòrmula. L&#8217;acta haurà de ser signada per totes les parts. En cas d&#8217;incompareixença injustificada per alguna de les parts donarà com resultat un acta en la qual figurarà “sense acord per incompareixença d&#8217;una de les parts”.</span></p>
<p style="text-align: justify"><em><span style="color: #000000">En cas de no arribar a un acord el Defensor Universitari podrà elevar una recomanació, on informarà a les parts implicades en el conflicte i als seus superiors jeràrquics.</span></em></p>
<p style="text-align: justify"><span style="color: #000000">5.- Les conclusions i acords que resulten de la sessió de mediació i conciliació s&#8217;arreplegaran en un acta que hauran de signar tant el Defensor Universitari com els interessats, i tindrà caràcter vinculant per a les persones interessades.</span></p>
<p style="text-align: justify"><span style="color: #000000"> 6.- El Defensor farà el seguiment que considere oportú sobre el compliment dels acords que s&#8217;han pactat.</span></p>
<p></p>

<p>El Defensor Universitari podrà celebrar, d&#8217;ofici o a instància de part, actes de mediació i conciliació conduents a la solució pactada de conflictes.<br />
Per tant, actuem en mediacions o conciliacions sempre que se&#8217;ns requerisca per a açò per totes les parts implicades en un problema.<br />
Qualsevol membre de la comunitat universitària, a títol individual o col·lectiu, podrà [&#8230;]</p>
